{"id":4034,"date":"2023-10-25T09:07:46","date_gmt":"2023-10-25T07:07:46","guid":{"rendered":"https:\/\/www.stinesofiesstiftelse.no\/?page_id=4034"},"modified":"2026-03-09T12:29:57","modified_gmt":"2026-03-09T11:29:57","slug":"organisasjonen-og-styret","status":"publish","type":"page","link":"https:\/\/www.stinesofiesstiftelse.no\/sme\/om-oss\/organisasjonen-og-styret\/","title":{"rendered":"Organisering"},"content":{"rendered":"\n<div class=\"wp-block-group alignwide sss-content-header has-global-padding is-layout-constrained wp-block-group-is-layout-constrained\" style=\"margin-top:0;margin-bottom:0\">\n<div class=\"wp-block-group is-layout-flow wp-block-group-is-layout-flow\" style=\"padding-top:4vw;padding-bottom:3vw\"><div class=\"yoast-breadcrumbs\"><span><span><a href=\"https:\/\/www.stinesofiesstiftelse.no\/\">Hjem<\/a><\/span> \u2013 <span><a href=\"https:\/\/www.stinesofiesstiftelse.no\/om-oss\/\">Om oss<\/a><\/span> \u2013 <span class=\"breadcrumb_last\" aria-current=\"page\">Organisering<\/span><\/span><\/div>\n\n<h1 class=\"is-style-has-blob wp-block-post-title has-text-color has-primary-color\">Organisering<\/h1>\n\n\n<p>Stine Sofies Stiftelse ble etablert i 2000 av Ada Sofie Austegard og Bente Bergseth, etter at Stine Sofie (8) og Lena (10) ble brutalt voldtatt og drept i Baneheia i Kristiansand.<\/p>\n<\/div>\n<\/div>\n\n\n\n<figure class=\"wp-block-image alignwide size-full\"><img loading=\"lazy\" decoding=\"async\" width=\"1920\" height=\"1080\" src=\"https:\/\/d1713zmupob0gt.cloudfront.net\/wp-content\/uploads\/2025\/03\/06122905\/Ansatte_16x9.jpg\" alt=\"Ansatte i Stine Sofies Stiftesle\" class=\"wp-image-10352\" srcset=\"https:\/\/d1713zmupob0gt.cloudfront.net\/wp-content\/uploads\/2025\/03\/06122905\/Ansatte_16x9.jpg 1920w, https:\/\/d1713zmupob0gt.cloudfront.net\/wp-content\/uploads\/2025\/03\/06122905\/Ansatte_16x9-300x169.jpg 300w, https:\/\/d1713zmupob0gt.cloudfront.net\/wp-content\/uploads\/2025\/03\/06122905\/Ansatte_16x9-1024x576.jpg 1024w, https:\/\/d1713zmupob0gt.cloudfront.net\/wp-content\/uploads\/2025\/03\/06122905\/Ansatte_16x9-768x432.jpg 768w, https:\/\/d1713zmupob0gt.cloudfront.net\/wp-content\/uploads\/2025\/03\/06122905\/Ansatte_16x9-1536x864.jpg 1536w\" sizes=\"auto, (max-width: 1920px) 100vw, 1920px\" \/><\/figure>\n\n\n\n<div style=\"height:25px\" aria-hidden=\"true\" class=\"wp-block-spacer\"><\/div>\n\n\n\n<p>Sammen med private st\u00f8ttespillere, n\u00e6ringslivsakt\u00f8rer, samarbeidende organisasjoner og andre fagmilj\u00f8er, har vi i dag klart \u00e5 skape en rekke landsdekkende tiltak for \u00e5 forebygge  og avdekke vold og overgrep mot barn og unge, for \u00e5 ivareta de voldsutsatte barna og styrke deres rettigheter.&nbsp;<\/p>\n\n\n\n<p>Stine Sofies Stiftelse er en ideell virksomhet som er organisert som en privat stiftelse i henhold til stiftelsesloven. <\/p>\n\n\n\n<p>Vi er i dag ca 65 ansatte og holder til i naturskj\u00f8nne omgivelser p\u00e5 \u00d8sterhus i Grimstad.&nbsp;<\/p>\n\n\n\n<p><a href=\"https:\/\/d1713zmupob0gt.cloudfront.net\/wp-content\/uploads\/2025\/11\/04103629\/Organisasjonskart-020525-scaled.jpg\" target=\"_blank\" rel=\"noreferrer noopener\">Se organisasjonskartet til Stine Sofies Stiftelse.&nbsp;<\/a><\/p>\n\n\n\n<p><a href=\"https:\/\/www.stinesofiesstiftelse.no\/om-oss\/organisasjonen-og-styret\/vedtekter\/\" target=\"_blank\" rel=\"noreferrer noopener\">Vedtektene til Stine Sofies Stiftelse<\/a><\/p>\n\n\n\n<p><strong>Styret i Stine Sofies Stiftelse&nbsp;<\/strong><\/p>\n\n\n\n<p>Mette Espedal,\u202fstyreleder&nbsp;<br>Kurt Mosvold, nestleder&nbsp;<br>J\u00f8rgen Lund, styremedlem<br>Anna Luise Kirkengen, styremedlem&nbsp;<br>Ada Sofie Austegard, styremedlem<br>Rune M\u00f8rland, styremedlem<br>Kristine Storesletten S\u00f8dal, styremedlem&nbsp;<br>Inger Marie Sunde, styremedlem&nbsp;<\/p>\n\n\n\n<p><a href=\"https:\/\/www.stinesofiesstiftelse.no\/ansatte\/\">Se oversikt over ansatte i Stine Sofies Stiftelse<\/a><\/p>\n\n\n\n<p><strong>\u00c5rsrapporter<\/strong><\/p>\n\n\n\n<ul class=\"wp-block-list\">\n<li><a href=\"https:\/\/d1713zmupob0gt.cloudfront.net\/wp-content\/uploads\/2025\/07\/03093121\/SSS-Arsrapport-2024-nett.pdf\">\u00c5rsrapport 2024<\/a><\/li>\n\n\n\n<li><a href=\"https:\/\/d1713zmupob0gt.cloudfront.net\/wp-content\/uploads\/2024\/09\/25201637\/SSS-Arsrapport-2023.pdf\">\u00c5rsrapport 2023<\/a><\/li>\n\n\n\n<li><a href=\"https:\/\/issuu.com\/stinesofiesstiftelse0\/docs\/sss-a_rsrapport-2022-lav-sider?fr=xKAE9_zU1NQ\">\u00c5rsrapport 2022<\/a><\/li>\n\n\n\n<li><a href=\"https:\/\/issuu.com\/stinesofiesstiftelse0\/docs\/sss-a_rsrapport-2021-lav-sider\">\u00c5rsrapport 2021<\/a><\/li>\n\n\n\n<li><a href=\"https:\/\/issuu.com\/stinesofiesstiftelse0\/docs\/a_rsrapport-2020-issuu\">\u00c5rsrapport 2020<\/a><\/li>\n\n\n\n<li><a href=\"https:\/\/issuu.com\/stinesofiesstiftelse0\/docs\/a_rsrapport_2019_issue\">\u00c5rsrapport 2019<\/a><\/li>\n\n\n\n<li><a href=\"https:\/\/issuu.com\/stinesofiesstiftelse0\/docs\/stinesofiesstiftelse-a_rsrapport-20_ffb725183edfdb\">\u00c5rsrapport 2018<\/a><\/li>\n\n\n\n<li><a href=\"https:\/\/issuu.com\/stinesofiesstiftelse0\/docs\/stinesofiesstiftelse-a_rsrapport-20\">\u00c5rsrapport 2017<\/a><\/li>\n<\/ul>\n\n\n\n<p class=\"is-style-default\"><a href=\"https:\/\/www.stinesofiesstiftelse.no\/baerekraftsmal\">FNs b\u00e6rekraftsm\u00e5l<\/a><\/p>\n","protected":false},"excerpt":{"rendered":"<p>Stine Sofies Stiftelse ble etablert i 2000 av Ada Sofie Austegard og Bente Bergseth, etter at Stine Sofie (8) og [&hellip;]<\/p>\n","protected":false},"author":2,"featured_media":10352,"parent":362,"menu_order":0,"comment_status":"closed","ping_status":"closed","template":"","meta":{"_acf_changed":false,"inline_featured_image":false,"footnotes":""},"class_list":["post-4034","page","type-page","status-publish","has-post-thumbnail","hentry"],"acf":[],"mb":[],"yoast_head":"<!-- This site is optimized with the Yoast SEO plugin v27.3 - https:\/\/yoast.com\/product\/yoast-seo-wordpress\/ -->\n<title>Organisering - Stine Sofies Stiftelse<\/title>\n<meta name=\"robots\" content=\"index, follow, max-snippet:-1, max-image-preview:large, max-video-preview:-1\" \/>\n<link rel=\"canonical\" href=\"https:\/\/www.stinesofiesstiftelse.no\/om-oss\/organisasjonen-og-styret\/\" \/>\n<meta property=\"og:locale\" content=\"en_US\" \/>\n<meta property=\"og:type\" content=\"article\" \/>\n<meta property=\"og:title\" content=\"Organisering - Stine Sofies Stiftelse\" \/>\n<meta property=\"og:description\" content=\"Stine Sofies Stiftelse ble etablert i 2000 av Ada Sofie Austegard og Bente Bergseth, etter at Stine Sofie (8) og [&hellip;]\" \/>\n<meta property=\"og:url\" content=\"https:\/\/www.stinesofiesstiftelse.no\/om-oss\/organisasjonen-og-styret\/\" \/>\n<meta property=\"og:site_name\" content=\"Stine Sofies Stiftelse\" \/>\n<meta property=\"article:publisher\" content=\"https:\/\/www.facebook.com\/StineSofiesStiftelse\/\" \/>\n<meta property=\"article:modified_time\" content=\"2026-03-09T11:29:57+00:00\" \/>\n<meta property=\"og:image\" content=\"https:\/\/d1713zmupob0gt.cloudfront.net\/wp-content\/uploads\/2025\/03\/06122905\/Ansatte_16x9.jpg\" \/>\n\t<meta property=\"og:image:width\" content=\"1920\" \/>\n\t<meta property=\"og:image:height\" content=\"1080\" \/>\n\t<meta property=\"og:image:type\" content=\"image\/jpeg\" \/>\n<meta name=\"twitter:card\" content=\"summary_large_image\" \/>\n<meta name=\"twitter:label1\" content=\"Est. reading time\" \/>\n\t<meta name=\"twitter:data1\" content=\"2 minutes\" \/>\n<script type=\"application\/ld+json\" class=\"yoast-schema-graph\">{\"@context\":\"https:\\\/\\\/schema.org\",\"@graph\":[{\"@type\":\"WebPage\",\"@id\":\"https:\\\/\\\/www.stinesofiesstiftelse.no\\\/om-oss\\\/organisasjonen-og-styret\\\/\",\"url\":\"https:\\\/\\\/www.stinesofiesstiftelse.no\\\/om-oss\\\/organisasjonen-og-styret\\\/\",\"name\":\"Organisering - Stine Sofies Stiftelse\",\"isPartOf\":{\"@id\":\"https:\\\/\\\/www.stinesofiesstiftelse.no\\\/#website\"},\"primaryImageOfPage\":{\"@id\":\"https:\\\/\\\/www.stinesofiesstiftelse.no\\\/om-oss\\\/organisasjonen-og-styret\\\/#primaryimage\"},\"image\":{\"@id\":\"https:\\\/\\\/www.stinesofiesstiftelse.no\\\/om-oss\\\/organisasjonen-og-styret\\\/#primaryimage\"},\"thumbnailUrl\":\"https:\\\/\\\/d1713zmupob0gt.cloudfront.net\\\/wp-content\\\/uploads\\\/2025\\\/03\\\/06122905\\\/Ansatte_16x9.jpg\",\"datePublished\":\"2023-10-25T07:07:46+00:00\",\"dateModified\":\"2026-03-09T11:29:57+00:00\",\"breadcrumb\":{\"@id\":\"https:\\\/\\\/www.stinesofiesstiftelse.no\\\/om-oss\\\/organisasjonen-og-styret\\\/#breadcrumb\"},\"inLanguage\":\"sme-NO\",\"potentialAction\":[{\"@type\":\"ReadAction\",\"target\":[\"https:\\\/\\\/www.stinesofiesstiftelse.no\\\/om-oss\\\/organisasjonen-og-styret\\\/\"]}]},{\"@type\":\"ImageObject\",\"inLanguage\":\"sme-NO\",\"@id\":\"https:\\\/\\\/www.stinesofiesstiftelse.no\\\/om-oss\\\/organisasjonen-og-styret\\\/#primaryimage\",\"url\":\"https:\\\/\\\/d1713zmupob0gt.cloudfront.net\\\/wp-content\\\/uploads\\\/2025\\\/03\\\/06122905\\\/Ansatte_16x9.jpg\",\"contentUrl\":\"https:\\\/\\\/d1713zmupob0gt.cloudfront.net\\\/wp-content\\\/uploads\\\/2025\\\/03\\\/06122905\\\/Ansatte_16x9.jpg\",\"width\":1920,\"height\":1080,\"caption\":\"Ansatte i Stine Sofies Stiftesle\"},{\"@type\":\"BreadcrumbList\",\"@id\":\"https:\\\/\\\/www.stinesofiesstiftelse.no\\\/om-oss\\\/organisasjonen-og-styret\\\/#breadcrumb\",\"itemListElement\":[{\"@type\":\"ListItem\",\"position\":1,\"name\":\"Hjem\",\"item\":\"https:\\\/\\\/www.stinesofiesstiftelse.no\\\/\"},{\"@type\":\"ListItem\",\"position\":2,\"name\":\"Om oss\",\"item\":\"https:\\\/\\\/www.stinesofiesstiftelse.no\\\/om-oss\\\/\"},{\"@type\":\"ListItem\",\"position\":3,\"name\":\"Organisering\"}]},{\"@type\":\"WebSite\",\"@id\":\"https:\\\/\\\/www.stinesofiesstiftelse.no\\\/#website\",\"url\":\"https:\\\/\\\/www.stinesofiesstiftelse.no\\\/\",\"name\":\"Stine Sofies Stiftelse\",\"description\":\"\",\"publisher\":{\"@id\":\"https:\\\/\\\/www.stinesofiesstiftelse.no\\\/#organization\"},\"potentialAction\":[{\"@type\":\"SearchAction\",\"target\":{\"@type\":\"EntryPoint\",\"urlTemplate\":\"https:\\\/\\\/www.stinesofiesstiftelse.no\\\/?s={search_term_string}\"},\"query-input\":{\"@type\":\"PropertyValueSpecification\",\"valueRequired\":true,\"valueName\":\"search_term_string\"}}],\"inLanguage\":\"sme-NO\"},{\"@type\":\"Organization\",\"@id\":\"https:\\\/\\\/www.stinesofiesstiftelse.no\\\/#organization\",\"name\":\"Stine Sofies Stiftelse\",\"url\":\"https:\\\/\\\/www.stinesofiesstiftelse.no\\\/\",\"logo\":{\"@type\":\"ImageObject\",\"inLanguage\":\"sme-NO\",\"@id\":\"https:\\\/\\\/www.stinesofiesstiftelse.no\\\/#\\\/schema\\\/logo\\\/image\\\/\",\"url\":\"https:\\\/\\\/d1713zmupob0gt.cloudfront.net\\\/wp-content\\\/uploads\\\/2024\\\/10\\\/19093628\\\/cropped-Stine_sofies_stiftelse_logosymbol.png\",\"contentUrl\":\"https:\\\/\\\/d1713zmupob0gt.cloudfront.net\\\/wp-content\\\/uploads\\\/2024\\\/10\\\/19093628\\\/cropped-Stine_sofies_stiftelse_logosymbol.png\",\"width\":512,\"height\":512,\"caption\":\"Stine Sofies Stiftelse\"},\"image\":{\"@id\":\"https:\\\/\\\/www.stinesofiesstiftelse.no\\\/#\\\/schema\\\/logo\\\/image\\\/\"},\"sameAs\":[\"https:\\\/\\\/www.facebook.com\\\/StineSofiesStiftelse\\\/\"]}]}<\/script>\n<!-- \/ Yoast SEO plugin. -->","yoast_head_json":{"title":"Organisering - Stine Sofies Stiftelse","robots":{"index":"index","follow":"follow","max-snippet":"max-snippet:-1","max-image-preview":"max-image-preview:large","max-video-preview":"max-video-preview:-1"},"canonical":"https:\/\/www.stinesofiesstiftelse.no\/om-oss\/organisasjonen-og-styret\/","og_locale":"en_US","og_type":"article","og_title":"Organisering - Stine Sofies Stiftelse","og_description":"Stine Sofies Stiftelse ble etablert i 2000 av Ada Sofie Austegard og Bente Bergseth, etter at Stine Sofie (8) og [&hellip;]","og_url":"https:\/\/www.stinesofiesstiftelse.no\/om-oss\/organisasjonen-og-styret\/","og_site_name":"Stine Sofies Stiftelse","article_publisher":"https:\/\/www.facebook.com\/StineSofiesStiftelse\/","article_modified_time":"2026-03-09T11:29:57+00:00","og_image":[{"width":1920,"height":1080,"url":"https:\/\/d1713zmupob0gt.cloudfront.net\/wp-content\/uploads\/2025\/03\/06122905\/Ansatte_16x9.jpg","type":"image\/jpeg"}],"twitter_card":"summary_large_image","twitter_misc":{"Est. reading time":"2 minutes"},"schema":{"@context":"https:\/\/schema.org","@graph":[{"@type":"WebPage","@id":"https:\/\/www.stinesofiesstiftelse.no\/om-oss\/organisasjonen-og-styret\/","url":"https:\/\/www.stinesofiesstiftelse.no\/om-oss\/organisasjonen-og-styret\/","name":"Organisering - Stine Sofies Stiftelse","isPartOf":{"@id":"https:\/\/www.stinesofiesstiftelse.no\/#website"},"primaryImageOfPage":{"@id":"https:\/\/www.stinesofiesstiftelse.no\/om-oss\/organisasjonen-og-styret\/#primaryimage"},"image":{"@id":"https:\/\/www.stinesofiesstiftelse.no\/om-oss\/organisasjonen-og-styret\/#primaryimage"},"thumbnailUrl":"https:\/\/d1713zmupob0gt.cloudfront.net\/wp-content\/uploads\/2025\/03\/06122905\/Ansatte_16x9.jpg","datePublished":"2023-10-25T07:07:46+00:00","dateModified":"2026-03-09T11:29:57+00:00","breadcrumb":{"@id":"https:\/\/www.stinesofiesstiftelse.no\/om-oss\/organisasjonen-og-styret\/#breadcrumb"},"inLanguage":"sme-NO","potentialAction":[{"@type":"ReadAction","target":["https:\/\/www.stinesofiesstiftelse.no\/om-oss\/organisasjonen-og-styret\/"]}]},{"@type":"ImageObject","inLanguage":"sme-NO","@id":"https:\/\/www.stinesofiesstiftelse.no\/om-oss\/organisasjonen-og-styret\/#primaryimage","url":"https:\/\/d1713zmupob0gt.cloudfront.net\/wp-content\/uploads\/2025\/03\/06122905\/Ansatte_16x9.jpg","contentUrl":"https:\/\/d1713zmupob0gt.cloudfront.net\/wp-content\/uploads\/2025\/03\/06122905\/Ansatte_16x9.jpg","width":1920,"height":1080,"caption":"Ansatte i Stine Sofies Stiftesle"},{"@type":"BreadcrumbList","@id":"https:\/\/www.stinesofiesstiftelse.no\/om-oss\/organisasjonen-og-styret\/#breadcrumb","itemListElement":[{"@type":"ListItem","position":1,"name":"Hjem","item":"https:\/\/www.stinesofiesstiftelse.no\/"},{"@type":"ListItem","position":2,"name":"Om oss","item":"https:\/\/www.stinesofiesstiftelse.no\/om-oss\/"},{"@type":"ListItem","position":3,"name":"Organisering"}]},{"@type":"WebSite","@id":"https:\/\/www.stinesofiesstiftelse.no\/#website","url":"https:\/\/www.stinesofiesstiftelse.no\/","name":"Stine Sofies Stiftelse","description":"","publisher":{"@id":"https:\/\/www.stinesofiesstiftelse.no\/#organization"},"potentialAction":[{"@type":"SearchAction","target":{"@type":"EntryPoint","urlTemplate":"https:\/\/www.stinesofiesstiftelse.no\/?s={search_term_string}"},"query-input":{"@type":"PropertyValueSpecification","valueRequired":true,"valueName":"search_term_string"}}],"inLanguage":"sme-NO"},{"@type":"Organization","@id":"https:\/\/www.stinesofiesstiftelse.no\/#organization","name":"Stine Sofies Stiftelse","url":"https:\/\/www.stinesofiesstiftelse.no\/","logo":{"@type":"ImageObject","inLanguage":"sme-NO","@id":"https:\/\/www.stinesofiesstiftelse.no\/#\/schema\/logo\/image\/","url":"https:\/\/d1713zmupob0gt.cloudfront.net\/wp-content\/uploads\/2024\/10\/19093628\/cropped-Stine_sofies_stiftelse_logosymbol.png","contentUrl":"https:\/\/d1713zmupob0gt.cloudfront.net\/wp-content\/uploads\/2024\/10\/19093628\/cropped-Stine_sofies_stiftelse_logosymbol.png","width":512,"height":512,"caption":"Stine Sofies Stiftelse"},"image":{"@id":"https:\/\/www.stinesofiesstiftelse.no\/#\/schema\/logo\/image\/"},"sameAs":["https:\/\/www.facebook.com\/StineSofiesStiftelse\/"]}]}},"mfb_rest_fields":["title","yoast_head","yoast_head_json"],"_links":{"self":[{"href":"https:\/\/www.stinesofiesstiftelse.no\/sme\/wp-json\/wp\/v2\/pages\/4034","targetHints":{"allow":["GET"]}}],"collection":[{"href":"https:\/\/www.stinesofiesstiftelse.no\/sme\/wp-json\/wp\/v2\/pages"}],"about":[{"href":"https:\/\/www.stinesofiesstiftelse.no\/sme\/wp-json\/wp\/v2\/types\/page"}],"author":[{"embeddable":true,"href":"https:\/\/www.stinesofiesstiftelse.no\/sme\/wp-json\/wp\/v2\/users\/2"}],"replies":[{"embeddable":true,"href":"https:\/\/www.stinesofiesstiftelse.no\/sme\/wp-json\/wp\/v2\/comments?post=4034"}],"version-history":[{"count":3,"href":"https:\/\/www.stinesofiesstiftelse.no\/sme\/wp-json\/wp\/v2\/pages\/4034\/revisions"}],"predecessor-version":[{"id":13918,"href":"https:\/\/www.stinesofiesstiftelse.no\/sme\/wp-json\/wp\/v2\/pages\/4034\/revisions\/13918"}],"up":[{"embeddable":true,"href":"https:\/\/www.stinesofiesstiftelse.no\/sme\/wp-json\/wp\/v2\/pages\/362"}],"wp:featuredmedia":[{"embeddable":true,"href":"https:\/\/www.stinesofiesstiftelse.no\/sme\/wp-json\/wp\/v2\/media\/10352"}],"wp:attachment":[{"href":"https:\/\/www.stinesofiesstiftelse.no\/sme\/wp-json\/wp\/v2\/media?parent=4034"}],"curies":[{"name":"wp","href":"https:\/\/api.w.org\/{rel}","templated":true}]}}