{"id":9742,"date":"2024-11-21T13:37:55","date_gmt":"2024-11-21T12:37:55","guid":{"rendered":"https:\/\/www.stinesofiesstiftelse.no\/?page_id=9742"},"modified":"2026-02-03T12:57:45","modified_gmt":"2026-02-03T11:57:45","slug":"reaksjoner-hos-barn-i-stressende-situasjoner","status":"publish","type":"page","link":"https:\/\/www.stinesofiesstiftelse.no\/sma\/raad-og-ressurser\/reaksjoner-hos-barn-i-stressende-situasjoner\/","title":{"rendered":"Reaksjoner hos barn i stressende situasjoner"},"content":{"rendered":"\n<div class=\"wp-block-group alignwide sss-content-header has-global-padding is-layout-constrained wp-block-group-is-layout-constrained\" style=\"margin-top:0;margin-bottom:0\">\n<div class=\"wp-block-group is-layout-flow wp-block-group-is-layout-flow\" style=\"padding-top:4vw;padding-bottom:3vw\"><div class=\"yoast-breadcrumbs\"><span><span><a href=\"https:\/\/www.stinesofiesstiftelse.no\/\">Hjem<\/a><\/span> \u2013 <span><a href=\"https:\/\/www.stinesofiesstiftelse.no\/raad-og-ressurser\/\">R\u00e5d og ressurser<\/a><\/span> \u2013 <span class=\"breadcrumb_last\" aria-current=\"page\">Reaksjoner hos barn i stressende situasjoner<\/span><\/span><\/div>\n\n<h1 class=\"is-style-has-blob wp-block-post-title has-text-color has-primary-color\">Reaksjoner hos barn i stressende situasjoner<\/h1>\n\n\n<p style=\"padding-right:0;padding-left:0\">Fight-, flight-, freeze- og fawn-responsene er reaksjoner barn og unge kan ha p\u00e5 situasjoner de oppfatter som stressende eller truende, og de kan gi oss viktig informasjon om barnets tilstand og f\u00f8lelse av trygghet. Spesielt der det ikke er grunn for frykt. Handlingene er ubevisste og n\u00e5 f\u00e5r du noen eksempler p\u00e5 hvordan det kan se ut i et barns atferd.<\/p>\n<\/div>\n<\/div>\n\n\n\n<h2 class=\"wp-block-heading\">Fight-respons<\/h2>\n\n\n\n<p>Dette kan v\u00e6re en m\u00e5te for barn og unge \u00e5 beskytte seg selv og opprettholde kontroll i en situasjon hvor det f\u00f8ler seg s\u00e5rbart. Det kan ogs\u00e5 v\u00e6re en reaksjon p\u00e5 at barnet er oppdratt grensel\u00f8st og uten rammer for god folkeskikk. Da har barnet f\u00e5tt for mye makt og tror de kan vippe deg av pinnen.&nbsp;&nbsp;<\/p>\n\n\n\n<p>Eksempel: Du henvender deg til et barn p\u00e5 en snill m\u00e5te for \u00e5 sette grenser for noe du ikke synes er greit. Barnet vil da kunne motsi, g\u00e5 verbalt til motangrep eller utfordre deg p\u00e5 andre m\u00e5ter. Du skal beholde roen og ikke kreve mer enn at grensen er satt og at du st\u00e5r for dem.&nbsp;&nbsp;<\/p>\n\n\n\n<p>Neste gang dere m\u00f8tes s\u00e5 husk \u00e5 smil og si Hei! Grunnen er at vi ikke skal skamme barnet, men opprettholde kontakt p\u00e5 tross av adferd. Det handler ikke om hva barnet er, men om hva det gj\u00f8r.&nbsp;<\/p>\n\n\n\n<h2 class=\"wp-block-heading\">Flight-respons<\/h2>\n\n\n\n<p>Flight-responsen er et fors\u00f8k p\u00e5 \u00e5 unnslippe situasjoner, eller relasjoner, som barnet oppfatter som truende eller utrygge.<\/p>\n\n\n\n<p>Eksempel: Du henvender deg til et barn p\u00e5 en snill m\u00e5te for \u00e5 sette grenser for noe du ikke synes er greit. Barnet unnviker deg og trekker seg sakte unna, l\u00f8per bort, skjuler seg, eller kan ogs\u00e5 begynne \u00e5 overfokusere p\u00e5 \u00e5 gj\u00f8re andre ting. Det virker som det ikke lytter! Bli ikke frustrert. De h\u00f8rer deg. Du skal beholde roen og ikke kreve mer. Neste gang dere m\u00f8tes s\u00e5 husk \u00e5 smil og si Hei!<\/p>\n\n\n\n<h2 class=\"wp-block-heading\">Freeze-respons<\/h2>\n\n\n\n<p>Dette er en m\u00e5te for barnet \u00e5 &#8220;forsvinne&#8221; i en situasjon der de f\u00f8ler at de ikke har kontroll. Freeze-responsen kan v\u00e6re vanlig i tilfeller hvor barnet opplever sterk frykt.<\/p>\n\n\n\n<p>Eksempel: Du henvender deg til et barn p\u00e5 en snill m\u00e5te for \u00e5 sette grenser for noe du ikke synes er greit. Barn kan stivne, stirre ut i luften, eller bli stille, virke fjern, som om de er &#8220;paralysert&#8221;. Barnet kan ogs\u00e5 sette \u00f8ynene i deg, men virke fjerne. De klarer ikke svare. V\u00e6r t\u00e5lmodig. Du skal beholde roen og ikke kreve mer. Neste gang dere m\u00f8tes s\u00e5 husk \u00e5 smil og si Hei!<\/p>\n\n\n\n<h2 class=\"wp-block-heading\">Fawn-respons<\/h2>\n\n\n\n<p>Fawn-responsen er ofte en m\u00e5te \u00e5 forsikre seg om trygghet p\u00e5 og handler om \u00e5 tilfredsstille andre. V\u00e6re ekstremt velvillig. Spesielt i situasjoner der barnet opplever at det er avhengig av den voksnes velvilje.<\/p>\n\n\n\n<p>Eksempel: Du henvender deg til et barn p\u00e5 en snill m\u00e5te for \u00e5 sette grenser for noe du ikke synes er greit. Barnet kan bli overdrevent forst\u00e5elsesfull, hyggelig og im\u00f8tekommende. Barnet vil fors\u00f8ke \u00e5 glede deg, snakke deg etter munnen for \u00e5 unng\u00e5 eskalering. Du skal beholde roen og ikke kreve mer. Neste gang dere m\u00f8tes s\u00e5 husk \u00e5 smil og si Hei!<\/p>\n\n\n\n<div class=\"wp-block-columns alignwide sss-image-text has-secondary-background-color has-background is-layout-flex wp-container-core-columns-is-layout-60282ebd wp-block-columns-is-layout-flex\" style=\"border-radius:4px;margin-top:var(--wp--preset--spacing--70);padding-top:0;padding-right:0;padding-bottom:0;padding-left:0\">\n<div class=\"wp-block-column is-layout-flow wp-block-column-is-layout-flow\">\n<div class=\"wp-block-cover is-light no-min-height height-100\"><img loading=\"lazy\" decoding=\"async\" width=\"800\" height=\"450\" class=\"wp-block-cover__image-background wp-image-12679 size-full\" alt=\"\" src=\"https:\/\/d1713zmupob0gt.cloudfront.net\/wp-content\/uploads\/2026\/01\/05143743\/Ansatte-2-2024-edited.jpg\" data-object-fit=\"cover\" srcset=\"https:\/\/d1713zmupob0gt.cloudfront.net\/wp-content\/uploads\/2026\/01\/05143743\/Ansatte-2-2024-edited.jpg 800w, https:\/\/d1713zmupob0gt.cloudfront.net\/wp-content\/uploads\/2026\/01\/05143743\/Ansatte-2-2024-edited-300x169.jpg 300w, https:\/\/d1713zmupob0gt.cloudfront.net\/wp-content\/uploads\/2026\/01\/05143743\/Ansatte-2-2024-edited-768x432.jpg 768w\" sizes=\"auto, (max-width: 800px) 100vw, 800px\" \/><span aria-hidden=\"true\" class=\"wp-block-cover__background has-background-dim-0 has-background-dim\" style=\"background-color:#FFF\"><\/span><div class=\"wp-block-cover__inner-container is-layout-flow wp-block-cover-is-layout-flow\">\n<p><\/p>\n<\/div><\/div>\n<\/div>\n\n\n\n<div class=\"wp-block-column is-layout-flow wp-block-column-is-layout-flow\" style=\"padding-top:var(--wp--preset--spacing--50);padding-right:0;padding-bottom:var(--wp--preset--spacing--50);padding-left:0\">\n<div class=\"wp-block-group has-global-padding is-content-justification-left is-layout-constrained wp-container-core-group-is-layout-00dfd91b wp-block-group-is-layout-constrained\" style=\"padding-right:var(--wp--preset--spacing--30)\">\n<h2 class=\"wp-block-heading\">Kontakt oss<\/h2>\n\n\n\n<div class=\"wp-block-columns is-layout-flex wp-container-core-columns-is-layout-28f84493 wp-block-columns-is-layout-flex\">\n<div class=\"wp-block-column is-layout-flow wp-block-column-is-layout-flow\">\n<p><strong>Gratis juridisk veiledning<\/strong><br>37 29 40 90<br><a class=\"absconditus\" data-absconditus-a=\"yvnz\" data-absconditus-b=\"fgvarfbsvrffgvsgryfr.ab\" href=\"#\">juridisk@stinesofiesstiftelse.no<\/a><\/p>\n<\/div>\n\n\n\n<div class=\"wp-block-column is-layout-flow wp-block-column-is-layout-flow\">\n<p><strong>S<strong>tine Sofie Sentere<\/strong>t<\/strong><br>37 29 40 90 <a class=\"absconditus\" data-absconditus-a=\"gfbc\" data-absconditus-b=\"fgvarfbsvrfragrerg.ab\" href=\"#\"><span data-absconditus-placeholder=\"ntetfioistese@sonepo.setrn\"><\/span><\/a><\/p>\n<\/div>\n<\/div>\n\n\n\n<div class=\"wp-block-columns is-layout-flex wp-container-core-columns-is-layout-28f84493 wp-block-columns-is-layout-flex\">\n<div class=\"wp-block-column is-layout-flow wp-block-column-is-layout-flow\">\n<p><strong>Andre henvendelser<\/strong><br>&nbsp;37 29 40 90 <a class=\"absconditus\" data-absconditus-a=\"gfbc\" data-absconditus-b=\"fgvarfbsvrffgvsgryfr.ab\" href=\"#\"><span data-absconditus-placeholder=\"piiifslt@estenesotstnef.soos\"><\/span><\/a><\/p>\n<\/div>\n\n\n\n<div class=\"wp-block-column is-layout-flow wp-block-column-is-layout-flow\">\n<p><strong>Pressekontakt<\/strong><br>Marit H\u00f8igilt |&nbsp;909 17 701<br><a class=\"absconditus\" data-absconditus-a=\"gvenz\" data-absconditus-b=\"fgvarfbsvrffgvsgryfr.ab\" href=\"#\"><span data-absconditus-placeholder=\"nrststeissm.a@ionliotsfefeite\"><\/span><\/a><\/p>\n<\/div>\n<\/div>\n<\/div>\n\n\n\n<div class=\"wp-block-buttons is-layout-flex wp-block-buttons-is-layout-flex\">\n<div class=\"wp-block-button is-style-arrow\"><a class=\"wp-block-button__link has-contrast-color has-text-color has-custom-font-size wp-element-button\" href=\"https:\/\/www.stinesofiesstiftelse.no\/om-oss\/\" style=\"padding-top:0;padding-right:0;padding-bottom:0;padding-left:0;font-size:clamp(0.984rem, 0.984rem + ((1vw - 0.2rem) * 0.949), 1.5rem);\">Om Stine Sofies Stiftelse<\/a><\/div>\n<\/div>\n<\/div>\n<\/div>\n","protected":false},"excerpt":{"rendered":"<p>Fight-, flight-, freeze- og fawn-responsene er reaksjoner barn og unge kan ha p\u00e5 situasjoner de oppfatter som stressende eller truende, [&hellip;]<\/p>\n","protected":false},"author":5,"featured_media":0,"parent":2131,"menu_order":0,"comment_status":"closed","ping_status":"closed","template":"","meta":{"_acf_changed":false,"inline_featured_image":false,"footnotes":""},"class_list":["post-9742","page","type-page","status-publish","hentry"],"acf":[],"mb":[],"yoast_head":"<!-- This site is optimized with the Yoast SEO plugin v27.3 - https:\/\/yoast.com\/product\/yoast-seo-wordpress\/ -->\n<title>Reaksjoner hos barn i stressende situasjoner - Stine Sofies Stiftelse<\/title>\n<meta name=\"robots\" content=\"index, follow, max-snippet:-1, max-image-preview:large, max-video-preview:-1\" \/>\n<link rel=\"canonical\" href=\"https:\/\/www.stinesofiesstiftelse.no\/raad-og-ressurser\/reaksjoner-hos-barn-i-stressende-situasjoner\/\" \/>\n<meta property=\"og:locale\" content=\"en_US\" \/>\n<meta property=\"og:type\" content=\"article\" \/>\n<meta property=\"og:title\" content=\"Reaksjoner hos barn i stressende situasjoner - Stine Sofies Stiftelse\" \/>\n<meta property=\"og:description\" content=\"Fight-, flight-, freeze- og fawn-responsene er reaksjoner barn og unge kan ha p\u00e5 situasjoner de oppfatter som stressende eller truende, [&hellip;]\" \/>\n<meta property=\"og:url\" content=\"https:\/\/www.stinesofiesstiftelse.no\/raad-og-ressurser\/reaksjoner-hos-barn-i-stressende-situasjoner\/\" \/>\n<meta property=\"og:site_name\" content=\"Stine Sofies Stiftelse\" \/>\n<meta property=\"article:publisher\" content=\"https:\/\/www.facebook.com\/StineSofiesStiftelse\/\" \/>\n<meta property=\"article:modified_time\" content=\"2026-02-03T11:57:45+00:00\" \/>\n<meta name=\"twitter:card\" content=\"summary_large_image\" \/>\n<meta name=\"twitter:label1\" content=\"Est. reading time\" \/>\n\t<meta name=\"twitter:data1\" content=\"4 minutes\" \/>\n<script type=\"application\/ld+json\" class=\"yoast-schema-graph\">{\"@context\":\"https:\\\/\\\/schema.org\",\"@graph\":[{\"@type\":\"WebPage\",\"@id\":\"https:\\\/\\\/www.stinesofiesstiftelse.no\\\/raad-og-ressurser\\\/reaksjoner-hos-barn-i-stressende-situasjoner\\\/\",\"url\":\"https:\\\/\\\/www.stinesofiesstiftelse.no\\\/raad-og-ressurser\\\/reaksjoner-hos-barn-i-stressende-situasjoner\\\/\",\"name\":\"Reaksjoner hos barn i stressende situasjoner - Stine Sofies Stiftelse\",\"isPartOf\":{\"@id\":\"https:\\\/\\\/www.stinesofiesstiftelse.no\\\/#website\"},\"datePublished\":\"2024-11-21T12:37:55+00:00\",\"dateModified\":\"2026-02-03T11:57:45+00:00\",\"breadcrumb\":{\"@id\":\"https:\\\/\\\/www.stinesofiesstiftelse.no\\\/raad-og-ressurser\\\/reaksjoner-hos-barn-i-stressende-situasjoner\\\/#breadcrumb\"},\"inLanguage\":\"sma-NO\",\"potentialAction\":[{\"@type\":\"ReadAction\",\"target\":[\"https:\\\/\\\/www.stinesofiesstiftelse.no\\\/raad-og-ressurser\\\/reaksjoner-hos-barn-i-stressende-situasjoner\\\/\"]}]},{\"@type\":\"BreadcrumbList\",\"@id\":\"https:\\\/\\\/www.stinesofiesstiftelse.no\\\/raad-og-ressurser\\\/reaksjoner-hos-barn-i-stressende-situasjoner\\\/#breadcrumb\",\"itemListElement\":[{\"@type\":\"ListItem\",\"position\":1,\"name\":\"Hjem\",\"item\":\"https:\\\/\\\/www.stinesofiesstiftelse.no\\\/\"},{\"@type\":\"ListItem\",\"position\":2,\"name\":\"R\u00e5d og ressurser\",\"item\":\"https:\\\/\\\/www.stinesofiesstiftelse.no\\\/raad-og-ressurser\\\/\"},{\"@type\":\"ListItem\",\"position\":3,\"name\":\"Reaksjoner hos barn i stressende situasjoner\"}]},{\"@type\":\"WebSite\",\"@id\":\"https:\\\/\\\/www.stinesofiesstiftelse.no\\\/#website\",\"url\":\"https:\\\/\\\/www.stinesofiesstiftelse.no\\\/\",\"name\":\"Stine Sofies Stiftelse\",\"description\":\"\",\"publisher\":{\"@id\":\"https:\\\/\\\/www.stinesofiesstiftelse.no\\\/#organization\"},\"potentialAction\":[{\"@type\":\"SearchAction\",\"target\":{\"@type\":\"EntryPoint\",\"urlTemplate\":\"https:\\\/\\\/www.stinesofiesstiftelse.no\\\/?s={search_term_string}\"},\"query-input\":{\"@type\":\"PropertyValueSpecification\",\"valueRequired\":true,\"valueName\":\"search_term_string\"}}],\"inLanguage\":\"sma-NO\"},{\"@type\":\"Organization\",\"@id\":\"https:\\\/\\\/www.stinesofiesstiftelse.no\\\/#organization\",\"name\":\"Stine Sofies Stiftelse\",\"url\":\"https:\\\/\\\/www.stinesofiesstiftelse.no\\\/\",\"logo\":{\"@type\":\"ImageObject\",\"inLanguage\":\"sma-NO\",\"@id\":\"https:\\\/\\\/www.stinesofiesstiftelse.no\\\/#\\\/schema\\\/logo\\\/image\\\/\",\"url\":\"https:\\\/\\\/d1713zmupob0gt.cloudfront.net\\\/wp-content\\\/uploads\\\/2024\\\/10\\\/19093628\\\/cropped-Stine_sofies_stiftelse_logosymbol.png\",\"contentUrl\":\"https:\\\/\\\/d1713zmupob0gt.cloudfront.net\\\/wp-content\\\/uploads\\\/2024\\\/10\\\/19093628\\\/cropped-Stine_sofies_stiftelse_logosymbol.png\",\"width\":512,\"height\":512,\"caption\":\"Stine Sofies Stiftelse\"},\"image\":{\"@id\":\"https:\\\/\\\/www.stinesofiesstiftelse.no\\\/#\\\/schema\\\/logo\\\/image\\\/\"},\"sameAs\":[\"https:\\\/\\\/www.facebook.com\\\/StineSofiesStiftelse\\\/\"]}]}<\/script>\n<!-- \/ Yoast SEO plugin. -->","yoast_head_json":{"title":"Reaksjoner hos barn i stressende situasjoner - Stine Sofies Stiftelse","robots":{"index":"index","follow":"follow","max-snippet":"max-snippet:-1","max-image-preview":"max-image-preview:large","max-video-preview":"max-video-preview:-1"},"canonical":"https:\/\/www.stinesofiesstiftelse.no\/raad-og-ressurser\/reaksjoner-hos-barn-i-stressende-situasjoner\/","og_locale":"en_US","og_type":"article","og_title":"Reaksjoner hos barn i stressende situasjoner - Stine Sofies Stiftelse","og_description":"Fight-, flight-, freeze- og fawn-responsene er reaksjoner barn og unge kan ha p\u00e5 situasjoner de oppfatter som stressende eller truende, [&hellip;]","og_url":"https:\/\/www.stinesofiesstiftelse.no\/raad-og-ressurser\/reaksjoner-hos-barn-i-stressende-situasjoner\/","og_site_name":"Stine Sofies Stiftelse","article_publisher":"https:\/\/www.facebook.com\/StineSofiesStiftelse\/","article_modified_time":"2026-02-03T11:57:45+00:00","twitter_card":"summary_large_image","twitter_misc":{"Est. reading time":"4 minutes"},"schema":{"@context":"https:\/\/schema.org","@graph":[{"@type":"WebPage","@id":"https:\/\/www.stinesofiesstiftelse.no\/raad-og-ressurser\/reaksjoner-hos-barn-i-stressende-situasjoner\/","url":"https:\/\/www.stinesofiesstiftelse.no\/raad-og-ressurser\/reaksjoner-hos-barn-i-stressende-situasjoner\/","name":"Reaksjoner hos barn i stressende situasjoner - Stine Sofies Stiftelse","isPartOf":{"@id":"https:\/\/www.stinesofiesstiftelse.no\/#website"},"datePublished":"2024-11-21T12:37:55+00:00","dateModified":"2026-02-03T11:57:45+00:00","breadcrumb":{"@id":"https:\/\/www.stinesofiesstiftelse.no\/raad-og-ressurser\/reaksjoner-hos-barn-i-stressende-situasjoner\/#breadcrumb"},"inLanguage":"sma-NO","potentialAction":[{"@type":"ReadAction","target":["https:\/\/www.stinesofiesstiftelse.no\/raad-og-ressurser\/reaksjoner-hos-barn-i-stressende-situasjoner\/"]}]},{"@type":"BreadcrumbList","@id":"https:\/\/www.stinesofiesstiftelse.no\/raad-og-ressurser\/reaksjoner-hos-barn-i-stressende-situasjoner\/#breadcrumb","itemListElement":[{"@type":"ListItem","position":1,"name":"Hjem","item":"https:\/\/www.stinesofiesstiftelse.no\/"},{"@type":"ListItem","position":2,"name":"R\u00e5d og ressurser","item":"https:\/\/www.stinesofiesstiftelse.no\/raad-og-ressurser\/"},{"@type":"ListItem","position":3,"name":"Reaksjoner hos barn i stressende situasjoner"}]},{"@type":"WebSite","@id":"https:\/\/www.stinesofiesstiftelse.no\/#website","url":"https:\/\/www.stinesofiesstiftelse.no\/","name":"Stine Sofies Stiftelse","description":"","publisher":{"@id":"https:\/\/www.stinesofiesstiftelse.no\/#organization"},"potentialAction":[{"@type":"SearchAction","target":{"@type":"EntryPoint","urlTemplate":"https:\/\/www.stinesofiesstiftelse.no\/?s={search_term_string}"},"query-input":{"@type":"PropertyValueSpecification","valueRequired":true,"valueName":"search_term_string"}}],"inLanguage":"sma-NO"},{"@type":"Organization","@id":"https:\/\/www.stinesofiesstiftelse.no\/#organization","name":"Stine Sofies Stiftelse","url":"https:\/\/www.stinesofiesstiftelse.no\/","logo":{"@type":"ImageObject","inLanguage":"sma-NO","@id":"https:\/\/www.stinesofiesstiftelse.no\/#\/schema\/logo\/image\/","url":"https:\/\/d1713zmupob0gt.cloudfront.net\/wp-content\/uploads\/2024\/10\/19093628\/cropped-Stine_sofies_stiftelse_logosymbol.png","contentUrl":"https:\/\/d1713zmupob0gt.cloudfront.net\/wp-content\/uploads\/2024\/10\/19093628\/cropped-Stine_sofies_stiftelse_logosymbol.png","width":512,"height":512,"caption":"Stine Sofies Stiftelse"},"image":{"@id":"https:\/\/www.stinesofiesstiftelse.no\/#\/schema\/logo\/image\/"},"sameAs":["https:\/\/www.facebook.com\/StineSofiesStiftelse\/"]}]}},"mfb_rest_fields":["title","yoast_head","yoast_head_json"],"_links":{"self":[{"href":"https:\/\/www.stinesofiesstiftelse.no\/sma\/wp-json\/wp\/v2\/pages\/9742","targetHints":{"allow":["GET"]}}],"collection":[{"href":"https:\/\/www.stinesofiesstiftelse.no\/sma\/wp-json\/wp\/v2\/pages"}],"about":[{"href":"https:\/\/www.stinesofiesstiftelse.no\/sma\/wp-json\/wp\/v2\/types\/page"}],"author":[{"embeddable":true,"href":"https:\/\/www.stinesofiesstiftelse.no\/sma\/wp-json\/wp\/v2\/users\/5"}],"replies":[{"embeddable":true,"href":"https:\/\/www.stinesofiesstiftelse.no\/sma\/wp-json\/wp\/v2\/comments?post=9742"}],"version-history":[{"count":2,"href":"https:\/\/www.stinesofiesstiftelse.no\/sma\/wp-json\/wp\/v2\/pages\/9742\/revisions"}],"predecessor-version":[{"id":13227,"href":"https:\/\/www.stinesofiesstiftelse.no\/sma\/wp-json\/wp\/v2\/pages\/9742\/revisions\/13227"}],"up":[{"embeddable":true,"href":"https:\/\/www.stinesofiesstiftelse.no\/sma\/wp-json\/wp\/v2\/pages\/2131"}],"wp:attachment":[{"href":"https:\/\/www.stinesofiesstiftelse.no\/sma\/wp-json\/wp\/v2\/media?parent=9742"}],"curies":[{"name":"wp","href":"https:\/\/api.w.org\/{rel}","templated":true}]}}